7980. What are the prime factors of n?
2, 3, 5, 19
Suppose 3*k - 20899 = 4*m, -5*k + 53706 = -3*m + 18889. List the prime factors of k.
6961
Suppose 15 = -8*c + 3*c, -u = -4*c - 7730. What are the prime factors of u?
2, 17, 227
Suppose 0 = 3*l - 5*s - 2087, 0 = -5*s + 5 + 5. Suppose -l - 5590 = -19*v. List the prime factors of v.
331
Let a = -27 - 1. Suppose 0 = -4*j - 4*j - 48. What are the prime factors of (76/j)/(a/42)?
19
Suppose 4*m = -356 - 496. Let d = 299 + m. List the prime factors of d.
2, 43
Let o(i) = -i**3 + 5*i**2 + 27*i + 2. List the prime factors of o(-26).
2, 3, 211
Let g be 50/(-125)*(-5 + 0). Let h(a) = 20 + 6*a + 6*a**2 - 17 + a**g. List the prime factors of h(-4).
7, 13
Suppose -4*x - 5*z = -5*x + 4174, -2*x + 8312 = -z. List the prime factors of x.
2, 31, 67
What are the prime factors of (293 + -1)*(6/(-6))/((-13)/767)?
2, 59, 73
Let y(u) = u**3 + u**2 - 18*u + 18. Let w(p) = -3*p**3 - 2*p**2 + 53*p - 54. Let d(h) = -6*w(h) - 17*y(h). What are the prime factors of d(10)?
2, 199
Suppose -13*y = 28*y - 53505. List the prime factors of y.
3, 5, 29
Let c(a) = 20308*a**2 - 6*a - 5. List the prime factors of c(-1).
23, 883
Let o(c) = -c**2 - 12*c - 8. Suppose -61*h = -57*h + 64. Let b be o(h). Let f = 197 + b. What are the prime factors of f?
5
Let h(d) = 109*d + 278. Let y(b) = 27*b + 70. Let f be ((-36)/(-20))/(1/5). Let k(g) = f*y(g) - 2*h(g). What are the prime factors of k(8)?
2, 137
Let u(x) be the second derivative of x**5/4 + x**4/12 - 2*x**3 + 4*x**2 - 27*x + 1. What are the prime factors of u(6)?
2, 263
Let d(q) = 1171 - 186*q - 579 - 586. List the prime factors of d(-3).
2, 3, 47
Let m = -46348 - -69909. What are the prime factors of m?
23561
Suppose 243*l + 5*a - 175045 = 238*l, 3*l - 105027 = -2*a. What are the prime factors of l?
13, 2693
Let c be 4 + 63/(-12) + (-3)/4. Let x be (-5)/5*c + 0. Suppose 0 = -2*j - 5*h + 362, 5*j - x*h = 3*j + 390. List the prime factors of j.
191
Let r be 4/(-2)*-487 + 2. List the prime factors of r/18 + 12/(-54).
2, 3
Let q be 7*-1*((-18)/(-2) - 2). Let l = q + 109. List the prime factors of l.
2, 3, 5
Let p(q) = 5*q + 107. Let y be p(-21). List the prime factors of (y/(-8)*-6)/((-81)/(-2484)).
2, 23
Let a = 15695 - -22714. What are the prime factors of a?
3, 7, 31, 59
Let u(y) = 2*y**2 - 4*y - 4. Suppose 100 = -5*z + z. Let p = -20 - z. List the prime factors of u(p).
2, 13
Let c(l) = -4*l + 35. Let q be c(8). Suppose 6811 = q*k - 4*z, 0 = -4*k + 5*z + 5203 + 3877. What are the prime factors of (k/27)/5 - 4/(-18)?
17
Let b(q) = -9*q**2 + 31*q - 19. Let w(t) = 8*t**2 - 29*t + 21. Let p(d) = 4*b(d) + 5*w(d). What are the prime factors of p(16)?
3, 239
Let b be (-25025)/(-21)*5 - 2/6. What are the prime factors of ((-4)/(-5))/(b/(-1490) + 4)?
2, 149
Let z = -632 + 627. List the prime factors of (-337)/z - (-2)/(-5).
67
Suppose 4*g = -3*d + 32, -g + 2*d + 12 = 3*g. Suppose -2*t = -g*m - 855, -2*t - 2097 = -7*t - m. List the prime factors of t.
2, 3, 5, 7
Let x(o) = -10*o + 2. Let s be 2/9 - 192/(-108). Suppose s*k - 4*f + 24 = 0, -f - 3 = -7. List the prime factors of x(k).
2, 3, 7
Suppose 3459 = 4*l - 7*j, 303 = 5*l + 5*j - 4007. List the prime factors of l.
863
Let p(o) = -181*o + 1572. What are the prime factors of p(-9)?
3, 11, 97
What are the prime factors of ((-3 + 0)*2)/((-9)/6330)?
2, 5, 211
Suppose -2*a + 5*g + 19473 = -2293, 4*g + 32635 = 3*a. List the prime factors of a.
83, 131
Let j be 6*684/(-54)*(-6)/8. Suppose 59 = f + j. Suppose 0 = f*b + 3*b - 995. List the prime factors of b.
199
Let p = -44 - -34. Let s(o) = o**3 + 10*o**2 + 4*o - 1. Let g be s(p). Let l = 63 + g. List the prime factors of l.
2, 11
Let q = 7754 + -1270. What are the prime factors of q?
2, 1621
Let m be 35/14 - 5/2. Suppose m*b = b. Suppose 2*s = b, -s - 920 = -5*q - 4*s. What are the prime factors of q?
2, 23
Let n(h) = 33*h - 6 - 2 + 3 + 0. Let z be 3 + (-210)/66 - 13/(-11). List the prime factors of n(z).
2, 7
Let i(q) = -1291*q + 3565. List the prime factors of i(-21).
2, 7669
Suppose 2*u = 4*u + 5*q + 880, -3*q - 2219 = 5*u. Let c = -91 - u. List the prime factors of c.
2, 3, 59
Let r(d) = -3*d + 9. Let f be r(-10). Let j be 2/(-4) + f/6. Suppose 4*t - j = 2*q - 0*t, -5*q = -t - 21. List the prime factors of q.
5
Let k be -3*(1179/(-54) + 7)*2. Let m = -3 + 6. Suppose -5*n + 3*c + 426 = -c, n + m*c = k. List the prime factors of n.
2, 43
What are the prime factors of (2*1)/(-14*6/(-116088))?
2, 691
Let h(m) = 2*m**3 + 9*m**2 + m - 12. Let v be h(-4). Let a(d) = 21*d - 3*d - 17*d**2 + v*d**3 + 4 + 0*d**3 + d**3. List the prime factors of a(16).
2, 3
Let j be (-84)/(1/(-2) - 0). List the prime factors of 59152/j + (-2)/21.
2, 11
Suppose -18*c + 81764 = 2*t - 16*c, 204360 = 5*t - 5*c. What are the prime factors of t?
41, 997
Let j = 26965 - 14441. List the prime factors of j.
2, 31, 101
Let l(m) = 25*m + 79*m + 0*m + 30 + 7*m + 7*m. List the prime factors of l(2).
2, 7, 19
Suppose 4*k = o - 35, -2*o + 24*k - 25*k = -52. Suppose -o*d = d - 20160. What are the prime factors of d?
2, 3, 5
Let t be ((-303)/(-2))/(141/658). Suppose 5*x + 4*h - 876 = 0, 3*h = 5*x - x - t. List the prime factors of x.
2, 11
Let b be 30/6 + -9 + 1162. Suppose y + 5*y = b. What are the prime factors of y?
193
Suppose -4*s - 1751 = -w, 2*w + 2*s - 5857 + 2305 = 0. Let n = w - 1026. What are the prime factors of n?
5, 149
Suppose -15 = 5*g, 2 + 10 = 2*f + 4*g. Suppose f*t + 630 = 3*t. Let d = t - -158. List the prime factors of d.
2, 11
What are the prime factors of -83608*13*5/(-130)?
2, 7, 1493
Suppose -238 = -7*g + 98. Suppose 0 = g*l - 45*l - 825. What are the prime factors of l?
5, 11
Suppose -3*u - 5*s = 6 + 7, 5*s + 15 = -5*u. List the prime factors of 6*-1*(u + 4 + -61).
2, 3, 29
Let n be ((-8)/(-12))/(2/30). Suppose 0 = 3*h - 3*l - 45, -31*h - l - 26 = -33*h. Suppose 112 = -n*p + h*p. What are the prime factors of p?
2, 7
Suppose 2*m + 2 = -2*m - f, 5*m - 5*f - 10 = 0. Let z(v) = v + 1. Let l(a) = 7*a + 228. Let p(s) = l(s) - 6*z(s). List the prime factors of p(m).
2, 3, 37
Let j = -180 - 649. Let x = j - -1354. List the prime factors of x.
3, 5, 7
Suppose m + 137 = 2*m. Suppose -2*o - m + 439 = -2*q, -287 = -2*o + 5*q. What are the prime factors of o?
2, 3, 13
Suppose -3*s - 5*p = -27262, 2*s = 2*p + 23876 - 5696. What are the prime factors of s?
61, 149
Let n = 530 - 545. What are the prime factors of ((-1448)/6)/(((-35)/n)/(-7))?
2, 181
Let p(q) = 2*q**3 - 2*q**2 - 4*q. Suppose r = -26 + 48. Let h(x) = 7*x**3 - 8*x**2 - 15*x + 1. Let i(a) = r*p(a) - 6*h(a). What are the prime factors of i(3)?
2, 3, 5
Let y(s) = -18746*s + 100. What are the prime factors of y(-2)?
2, 37, 127
Let l(x) = -172*x - 45. Let j be l(4). Let h = j - -1095. What are the prime factors of h?
2, 181
Let j = -86 + 9196. List the prime factors of j.
2, 5, 911
List the prime factors of (-9 + 6440/(-7))*-23.
23, 929
Suppose -17*q = -172924 - 113526. What are the prime factors of q?
2, 5, 337
Let l(a) = 41*a + 121. What are the prime factors of l(56)?
2417
Let v(y) = 5*y**3 - 5*y**2 + y - 22. Let r = -97 + 102. What are the prime factors of v(r)?
3, 7, 23
Let i be (-1)/(((-1)/(-9))/(154/(-66))). Suppose 384 = -i*x + 27*x. List the prime factors of x.
2
Let l = 25 + -19. Let a(o) = o**2 - 4*o - 4. Let m be a(l). Let n(w) = 5*w + 19. List the prime factors of n(m).
59
Let d be 406/49 + -8 - 3110/7. Let q = d + 928. List the prime factors of q.
2, 11
Let h(t) = -4*t - 32. Let l be h(-16). Let c = l + -24. Let s(u) = -u**3 + 6*u**2 + 19*u + 2. List the prime factors of s(c).
2, 13
Let g(m) be the second derivative of m**4/12 + 17*m**3/3 + 13*m**2/2 + 8*m. Let k(f) be the first derivative of g(f). What are the prime factors of k(14)?
2, 31
Let o be (5*8/(-16))/((-2)/44). Suppose 180 = -50*r + o*r. List the prime factors of r.
2, 3
Suppose 0 = -3*g + 3*p + 1252 + 1340, 0 = -5*p + 20. Suppose -4*m + m = 3*q - 528, 5*m - g = -2*q. Suppose 13*t - 1076 - m = 0. List the prime factors of t.
2, 3
Let x(o) = 2*o**3 - 3*o**2 + o - 2. Let u be x(2). Suppose 25 = u*k - 239. List the prime factors of k.
2, 3, 11
List the prime factors of (28958 - 6)/1 + (-3 - 4).
5, 7, 827
Let y = -2086 + 4013. List the prime factors of y.
41, 47
Suppose -3*y = 31 - 1. Let m b